{"id":440,"date":"2025-04-04T23:28:31","date_gmt":"2025-04-04T21:28:31","guid":{"rendered":"https:\/\/www.cinquieme-balcon.fr\/?page_id=440"},"modified":"2025-11-18T18:56:08","modified_gmt":"2025-11-18T17:56:08","slug":"saison-2024-2025","status":"publish","type":"page","link":"https:\/\/www.cinquieme-balcon.fr\/index.php\/saison-2024-2025\/","title":{"rendered":"Saison 2024-2025"},"content":{"rendered":"\n<div class=\"wp-block-group alignfull has-accent-4-background-color has-background has-global-padding is-layout-constrained wp-container-core-group-is-layout-669513ed wp-block-group-is-layout-constrained\" style=\"margin-top:0;margin-bottom:0;padding-top:var(--wp--preset--spacing--50);padding-right:var(--wp--preset--spacing--50);padding-bottom:var(--wp--preset--spacing--50);padding-left:var(--wp--preset--spacing--50)\">\n<div class=\"wp-block-columns alignwide is-layout-flex wp-container-core-columns-is-layout-1da03c2a wp-block-columns-is-layout-flex\">\n<div class=\"wp-block-column is-vertically-aligned-stretch is-layout-flow wp-block-column-is-layout-flow\" style=\"flex-basis:50%\">\n<h2 class=\"wp-block-heading\">Je n&rsquo;aurai pas vu grand chose cette ann\u00e9e.<\/h2>\n\n\n\n<p>Merci la pr\u00e9paration de l&rsquo;agr\u00e9gation. Mais j&rsquo;ai d&rsquo;autant plus appr\u00e9ci\u00e9 tout ce que j&rsquo;ai pu voir.<\/p>\n\n\n\n<figure class=\"wp-block-image size-full wp-duotone-duotone-1\"><img loading=\"lazy\" decoding=\"async\" width=\"543\" height=\"407\" src=\"https:\/\/www.cinquieme-balcon.fr\/wp-content\/uploads\/2025\/04\/oreste-superman.png\" alt=\"\" class=\"wp-image-442\" srcset=\"https:\/\/www.cinquieme-balcon.fr\/wp-content\/uploads\/2025\/04\/oreste-superman.png 543w, https:\/\/www.cinquieme-balcon.fr\/wp-content\/uploads\/2025\/04\/oreste-superman-300x225.png 300w\" sizes=\"auto, (max-width: 543px) 100vw, 543px\" \/><\/figure>\n<\/div>\n\n\n\n<div class=\"wp-block-column is-vertically-aligned-center is-layout-flow wp-block-column-is-layout-flow\" style=\"flex-basis:50%\">\n<figure class=\"wp-block-image size-large is-style-rounded is-style-rounded--1\"><img loading=\"lazy\" decoding=\"async\" width=\"1024\" height=\"768\" src=\"https:\/\/www.cinquieme-balcon.fr\/wp-content\/uploads\/2023\/11\/IMG_20180809_160424-1024x768.jpg\" alt=\"\" class=\"wp-image-82\" style=\"aspect-ratio:3\/4;object-fit:cover\" srcset=\"https:\/\/www.cinquieme-balcon.fr\/wp-content\/uploads\/2023\/11\/IMG_20180809_160424-1024x768.jpg 1024w, https:\/\/www.cinquieme-balcon.fr\/wp-content\/uploads\/2023\/11\/IMG_20180809_160424-300x225.jpg 300w, https:\/\/www.cinquieme-balcon.fr\/wp-content\/uploads\/2023\/11\/IMG_20180809_160424-768x576.jpg 768w, https:\/\/www.cinquieme-balcon.fr\/wp-content\/uploads\/2023\/11\/IMG_20180809_160424-1536x1152.jpg 1536w, https:\/\/www.cinquieme-balcon.fr\/wp-content\/uploads\/2023\/11\/IMG_20180809_160424-2048x1536.jpg 2048w\" sizes=\"auto, (max-width: 1024px) 100vw, 1024px\" \/><figcaption class=\"wp-element-caption\">Une vieille photo que j&rsquo;avais prise d&rsquo;un jour pluvieux \u00e0 Montmartre&#8230; si je ne dis pas de b\u00eatises.<\/figcaption><\/figure>\n<\/div>\n<\/div>\n<\/div>\n\n\n\n<div class=\"wp-block-group alignfull has-base-background-color has-background has-global-padding is-layout-constrained wp-container-core-group-is-layout-d89aad35 wp-block-group-is-layout-constrained\" style=\"margin-top:0;margin-bottom:0;padding-top:var(--wp--preset--spacing--50);padding-right:var(--wp--preset--spacing--50);padding-bottom:var(--wp--preset--spacing--50);padding-left:var(--wp--preset--spacing--50)\">\n<div class=\"wp-block-columns alignwide is-layout-flex wp-container-core-columns-is-layout-549b0c86 wp-block-columns-is-layout-flex\">\n<div class=\"wp-block-column is-layout-flow wp-container-core-column-is-layout-119bc444 wp-block-column-is-layout-flow\" style=\"flex-basis:60%\">\n<p class=\"has-accent-background-color has-background has-heading-font-family has-x-large-font-size\" style=\"line-height:1.2\">Hop&#8230; voil\u00e0 les deux trois critiques de l&rsquo;ann\u00e9es&#8230; <\/p>\n\n\n\n<div class=\"wp-block-columns alignwide is-layout-flex wp-container-core-columns-is-layout-d2da2050 wp-block-columns-is-layout-flex\" style=\"margin-bottom:0\">\n<div class=\"wp-block-column has-contrast-color has-text-color has-background has-link-color wp-elements-def063515095e26f42a29df7b77dce09 is-layout-flow wp-block-column-is-layout-flow\" style=\"background-color:#839191;padding-top:2em;padding-right:2em;padding-bottom:2em;padding-left:2em\">\n<h2 class=\"wp-block-heading\" id=\"single\" style=\"font-size:clamp(24.034px, 1.502rem + ((1vw - 3.2px) * 1.663), 40px);\"><strong>Th\u00e9\u00e2tre<\/strong><\/h2>\n\n\n\n<hr class=\"wp-block-separator has-text-color has-css-opacity has-background is-style-wide\" style=\"background-color:#000000;color:#000000\"\/>\n\n\n\n<ul class=\"wp-block-list has-normal-font-size\">\n<li>Le malade imaginaire, mise en sc\u00e8ne de Claude Stratz, \u00e0 la Com\u00e9die Fran\u00e7aise<\/li>\n\n\n\n<li><a href=\"https:\/\/www.cinquieme-balcon.fr\/index.php\/2025\/03\/24\/berenice-de-racine-mis-en-scene-par-guy-cassiers\/\" data-type=\"post\" data-id=\"427\">B\u00e9r\u00e9nice<\/a>, mise en sc\u00e8ne de Guy Cassiers, \u00e0 la com\u00e9die fran\u00e7aise<\/li>\n<\/ul>\n<\/div>\n\n\n\n<div class=\"wp-block-column has-contrast-color has-text-color has-background has-link-color wp-elements-401abe1011e39516d1656106c7aaac08 is-layout-flow wp-block-column-is-layout-flow\" style=\"background-color:#657373;padding-top:2em;padding-right:2em;padding-bottom:2em;padding-left:2em\">\n<h2 class=\"wp-block-heading\" id=\"family\" style=\"font-size:clamp(24.034px, 1.502rem + ((1vw - 3.2px) * 1.663), 40px);\"><strong>Concert<\/strong><\/h2>\n\n\n\n<hr class=\"wp-block-separator has-css-opacity is-style-wide\"\/>\n\n\n\n<ul class=\"wp-block-list has-normal-font-size\">\n<li>Les <a href=\"https:\/\/www.cinquieme-balcon.fr\/index.php\/2024\/09\/19\/vepres-de-la-vierge-claudio-monteverdi-ensemble-pygmalion-dir-raphael-pichon\/\" data-type=\"post\" data-id=\"423\">V\u00eapres de la Vierge<\/a>, par Pygmalion, \u00e0 la Philharmonie<\/li>\n\n\n\n<li>Jordi Savall \u00e0 la Philharmonie<\/li>\n<\/ul>\n<\/div>\n\n\n\n<div class=\"wp-block-column has-contrast-color has-accent-5-background-color has-text-color has-background has-link-color wp-elements-d2d549f863bc0c516c89a9b1fa05fd96 is-layout-flow wp-block-column-is-layout-flow\" style=\"padding-top:2em;padding-right:2em;padding-bottom:2em;padding-left:2em\">\n<h2 class=\"wp-block-heading\" id=\"patron\" style=\"font-size:clamp(24.034px, 1.502rem + ((1vw - 3.2px) * 1.663), 40px);\"><strong>Cin\u00e9ma<\/strong><\/h2>\n\n\n\n<hr class=\"wp-block-separator has-css-opacity is-style-wide\"\/>\n\n\n\n<ul class=\"wp-block-list has-normal-font-size\">\n<li><a href=\"https:\/\/www.cinquieme-balcon.fr\/index.php\/2025\/04\/04\/tardes-de-soledad-realise-par-albert-serra\/\" data-type=\"post\" data-id=\"429\">Tardes de soledad<\/a>, d&rsquo;Albert Serra<\/li>\n\n\n\n<li>Nosfertatu (c&rsquo;\u00e9tait nul)<\/li>\n<\/ul>\n<\/div>\n<\/div>\n<\/div>\n<\/div>\n<\/div>\n\n\n\n<figure class=\"wp-block-image aligncenter size-full is-resized wp-duotone-duotone-1\"><img loading=\"lazy\" decoding=\"async\" width=\"577\" height=\"433\" src=\"https:\/\/www.cinquieme-balcon.fr\/wp-content\/uploads\/2025\/04\/signal-2024-06-28-13-00-03-608-removebg-preview.png\" alt=\"\" class=\"wp-image-449\" style=\"width:562px;height:auto\" srcset=\"https:\/\/www.cinquieme-balcon.fr\/wp-content\/uploads\/2025\/04\/signal-2024-06-28-13-00-03-608-removebg-preview.png 577w, https:\/\/www.cinquieme-balcon.fr\/wp-content\/uploads\/2025\/04\/signal-2024-06-28-13-00-03-608-removebg-preview-300x225.png 300w\" sizes=\"auto, (max-width: 577px) 100vw, 577px\" \/><\/figure>\n\n\n\n<p>&#8230; et c&rsquo;est de mes lectures d&rsquo;agr\u00e9g\u00e9 qu&rsquo;il faudra ensuite que je vous reparle&#8230;<\/p>\n","protected":false},"excerpt":{"rendered":"<p>Hop&#8230; voil\u00e0 les deux trois critiques de l&rsquo;ann\u00e9es&#8230; Th\u00e9\u00e2tre Concert Cin\u00e9ma &#8230; et c&rsquo;est de mes lectures d&rsquo;agr\u00e9g\u00e9 qu&rsquo;il faudra ensuite que je vous reparle&#8230;<\/p>\n","protected":false},"author":4,"featured_media":0,"parent":0,"menu_order":0,"comment_status":"closed","ping_status":"closed","template":"","meta":{"footnotes":""},"class_list":["post-440","page","type-page","status-publish","hentry"],"_links":{"self":[{"href":"https:\/\/www.cinquieme-balcon.fr\/index.php\/wp-json\/wp\/v2\/pages\/440","targetHints":{"allow":["GET"]}}],"collection":[{"href":"https:\/\/www.cinquieme-balcon.fr\/index.php\/wp-json\/wp\/v2\/pages"}],"about":[{"href":"https:\/\/www.cinquieme-balcon.fr\/index.php\/wp-json\/wp\/v2\/types\/page"}],"author":[{"embeddable":true,"href":"https:\/\/www.cinquieme-balcon.fr\/index.php\/wp-json\/wp\/v2\/users\/4"}],"replies":[{"embeddable":true,"href":"https:\/\/www.cinquieme-balcon.fr\/index.php\/wp-json\/wp\/v2\/comments?post=440"}],"version-history":[{"count":4,"href":"https:\/\/www.cinquieme-balcon.fr\/index.php\/wp-json\/wp\/v2\/pages\/440\/revisions"}],"predecessor-version":[{"id":475,"href":"https:\/\/www.cinquieme-balcon.fr\/index.php\/wp-json\/wp\/v2\/pages\/440\/revisions\/475"}],"wp:attachment":[{"href":"https:\/\/www.cinquieme-balcon.fr\/index.php\/wp-json\/wp\/v2\/media?parent=440"}],"curies":[{"name":"wp","href":"https:\/\/api.w.org\/{rel}","templated":true}]}}