{"id":212,"date":"2023-11-20T13:46:58","date_gmt":"2023-11-20T12:46:58","guid":{"rendered":"https:\/\/www.cinquieme-balcon.fr\/?page_id=212"},"modified":"2025-04-04T22:44:17","modified_gmt":"2025-04-04T20:44:17","slug":"mes-recommandations-du-moment","status":"publish","type":"page","link":"https:\/\/www.cinquieme-balcon.fr\/index.php\/mes-recommandations-du-moment\/","title":{"rendered":"\u00c0 voir, \u00e0 \u00e9couter"},"content":{"rendered":"\n<div class=\"wp-block-group alignfull has-background has-global-padding is-layout-constrained wp-container-core-group-is-layout-669513ed wp-block-group-is-layout-constrained\" style=\"background-color:#194054;margin-top:0;margin-bottom:0;padding-top:var(--wp--preset--spacing--50);padding-right:var(--wp--preset--spacing--50);padding-bottom:var(--wp--preset--spacing--50);padding-left:var(--wp--preset--spacing--50)\">\n<div class=\"wp-block-columns alignwide is-layout-flex wp-container-core-columns-is-layout-28f84493 wp-block-columns-is-layout-flex\">\n<div class=\"wp-block-column is-layout-flow wp-block-column-is-layout-flow\" style=\"flex-basis:40%\">\n<p class=\"has-text-align-left wp-container-content-0733e5d0\" style=\"padding-right:var(--wp--preset--spacing--10);padding-left:var(--wp--preset--spacing--10)\">Marre d&rsquo;\u00e9couter ou de voir toujours la m\u00eame chose ? Sur cette page,  vous trouverez notamment les spectacles qui jouent toujours et que je vous conseille d&rsquo;aller voir. Mais vous pourrez aussi tomber sur quelques recommandations musique ou cin\u00e9. Sans pr\u00e9tentions analytiques, purement pour le plaisir de partager. <\/p>\n<\/div>\n\n\n\n<div class=\"wp-block-column is-layout-flow wp-block-column-is-layout-flow\"><\/div>\n\n\n\n<div class=\"wp-block-column is-layout-flow wp-block-column-is-layout-flow\" style=\"flex-basis:60%\">\n<figure class=\"wp-block-image aligncenter size-full is-resized wp-duotone-duotone-1\"><img loading=\"lazy\" decoding=\"async\" width=\"261\" height=\"251\" src=\"https:\/\/www.cinquieme-balcon.fr\/wp-content\/uploads\/2023\/11\/IMG_20200325_084040-removebg-preview-e1699905425186.png\" alt=\"\" class=\"wp-image-115\" style=\"width:205px;height:auto\"\/><\/figure>\n<\/div>\n<\/div>\n<\/div>\n\n\n\n<div class=\"wp-block-group alignfull has-global-padding is-layout-constrained wp-container-core-group-is-layout-d89aad35 wp-block-group-is-layout-constrained\" style=\"margin-top:0;margin-bottom:0;padding-top:var(--wp--preset--spacing--50);padding-right:var(--wp--preset--spacing--50);padding-bottom:var(--wp--preset--spacing--50);padding-left:var(--wp--preset--spacing--50)\">\n<div class=\"wp-block-columns alignwide is-layout-flex wp-container-core-columns-is-layout-549b0c86 wp-block-columns-is-layout-flex\">\n<div class=\"wp-block-column has-global-padding is-content-justification-left is-layout-constrained wp-container-core-column-is-layout-4f15e8fe wp-block-column-is-layout-constrained\" style=\"flex-basis:40%\">\n<p class=\"has-medium-font-size\">La capricieuse Cl\u00e9op\u00e2tre, le brave Oreste, et un coing.<\/p>\n\n\n\n<figure class=\"wp-block-image size-full wp-duotone-duotone-1\"><img loading=\"lazy\" decoding=\"async\" width=\"577\" height=\"433\" src=\"https:\/\/www.cinquieme-balcon.fr\/wp-content\/uploads\/2023\/11\/signal-2023-09-24-18-21-52-089-removebg-preview.png\" alt=\"\" class=\"wp-image-218\" srcset=\"https:\/\/www.cinquieme-balcon.fr\/wp-content\/uploads\/2023\/11\/signal-2023-09-24-18-21-52-089-removebg-preview.png 577w, https:\/\/www.cinquieme-balcon.fr\/wp-content\/uploads\/2023\/11\/signal-2023-09-24-18-21-52-089-removebg-preview-300x225.png 300w\" sizes=\"auto, (max-width: 577px) 100vw, 577px\" \/><\/figure>\n<\/div>\n\n\n\n<div class=\"wp-block-column is-layout-flow wp-container-core-column-is-layout-119bc444 wp-block-column-is-layout-flow\" style=\"flex-basis:60%\">\n<div class=\"wp-block-columns is-layout-flex wp-container-core-columns-is-layout-87beb0d0 wp-block-columns-is-layout-flex\">\n<div class=\"wp-block-column is-layout-flow wp-block-column-is-layout-flow\">\n<p class=\"has-accent-background-color has-background has-small-font-size wp-container-content-9cfa9a5a\">Recommandations en pause parce que je passe l&rsquo;agr\u00e9gation&#8230; Et je n&rsquo;ai plus trop le temps de sortir \ud83d\ude41<\/p>\n<\/div>\n\n\n\n<div class=\"wp-block-column is-layout-flow wp-block-column-is-layout-flow\">\n<p class=\"has-accent-background-color has-background has-small-font-size wp-container-content-9cfa9a5a\">Cependant je continue d&rsquo;\u00e9couter les critiques des spectacles et des films que je n&rsquo;ai pas le temps de voir&#8230; et pour cela : <\/p>\n\n\n\n<p class=\"has-background\" style=\"background-color:#194054\">\u2192 L&rsquo;esprit critique, le meilleur podcast culturel, c&rsquo;est <a href=\"https:\/\/www.cinquieme-balcon.fr\/index.php\/2024\/01\/23\/40-sous-zero-creation-du-munstrum-theatre-mise-en-scene-de-louis-arene\/\" data-type=\"post\" data-id=\"323\">ici<\/a><\/p>\n\n\n\n<p style=\"font-size:0.7rem\">Promis maman, je vais voir Rothko rapidement. <\/p>\n<\/div>\n<\/div>\n\n\n\n<p class=\"has-text-align-center has-small-font-size\">\u2193 La musique, c&rsquo;est en dessous \u2193 <\/p>\n<\/div>\n<\/div>\n<\/div>\n\n\n\n<div class=\"wp-block-cover alignfull is-light has-parallax wp-duotone-194054-f9f9f9-1\" style=\"padding-top:var(--wp--preset--spacing--50);padding-right:var(--wp--preset--spacing--50);padding-bottom:var(--wp--preset--spacing--50);padding-left:var(--wp--preset--spacing--50);min-height:682px;aspect-ratio:unset;\"><span aria-hidden=\"true\" class=\"wp-block-cover__background has-base-background-color has-background-dim-0 has-background-dim\"><\/span><div class=\"wp-block-cover__image-background wp-image-213 has-parallax\" style=\"background-position:50% 50%;background-image:url(https:\/\/www.cinquieme-balcon.fr\/wp-content\/uploads\/2023\/11\/signal-2023-11-13-22-00-58-424.jpg)\"><\/div><div class=\"wp-block-cover__inner-container has-global-padding is-layout-constrained wp-container-core-cover-is-layout-e4fd886c wp-block-cover-is-layout-constrained\">\n<div style=\"height:15px\" aria-hidden=\"true\" class=\"wp-block-spacer\"><\/div>\n<\/div><\/div>\n\n\n\n<div style=\"height:5px\" aria-hidden=\"true\" class=\"wp-block-spacer\"><\/div>\n\n\n\n<h2 class=\"wp-block-heading alignwide is-style-default\" style=\"font-size:clamp(23.043px, 1.44rem + ((1vw - 3.2px) * 1.558), 38px);px;line-height:1.4\"><strong>Ce que j&rsquo;\u00e9coute en ce moment.<\/strong><\/h2>\n\n\n\n<div class=\"wp-block-group alignfull has-background has-global-padding is-layout-constrained wp-container-core-group-is-layout-d89aad35 wp-block-group-is-layout-constrained\" style=\"background:radial-gradient(rgb(95,88,79) 17%,rgb(39,39,39) 61%);margin-top:0;margin-bottom:0;padding-top:var(--wp--preset--spacing--50);padding-right:var(--wp--preset--spacing--50);padding-bottom:var(--wp--preset--spacing--50);padding-left:var(--wp--preset--spacing--50)\">\n<div class=\"wp-block-columns alignwide is-layout-flex wp-container-core-columns-is-layout-549b0c86 wp-block-columns-is-layout-flex\">\n<div class=\"wp-block-column is-layout-flow wp-container-core-column-is-layout-119bc444 wp-block-column-is-layout-flow\" style=\"flex-basis:60%\">\n<p class=\"has-background has-medium-font-size\" style=\"background-color:#26262694;line-height:1.2\">Il faut que je l&rsquo;avoue : malgr\u00e9 mes go\u00fbts pour des genres aussi antinomiques que la musique sacr\u00e9e du XVIIIe et la pop \u00e9lectro contemporaine, il y en a un que je pr\u00e9f\u00e8re. C&rsquo;est le genre, tr\u00e8s restreint, de la musique qu&rsquo;on peut \u00e9couter le soir en rentrant chez soi, apr\u00e8s une soir\u00e9e. Ce sont ces m\u00e9lodies qu&rsquo;on s&rsquo;imaginerait bien faire pulser au milieu de la nuit, dans sa d\u00e9capotable, au milieu de nulle part, le vent dans les cheveux. Et pour \u00e7a, rien de mieux qu&rsquo;<strong>Inner Wave<\/strong>.<\/p>\n\n\n\n<figure class=\"wp-block-embed is-type-video is-provider-youtube wp-block-embed-youtube wp-embed-aspect-16-9 wp-has-aspect-ratio\"><div class=\"wp-block-embed__wrapper\">\n<iframe loading=\"lazy\" title=\"Inner Wave - Apoptosis (Full Album)\" width=\"500\" height=\"281\" src=\"https:\/\/www.youtube.com\/embed\/4uDnLDrG2Mg?feature=oembed\" frameborder=\"0\" allow=\"accelerometer; autoplay; clipboard-write; encrypted-media; gyroscope; picture-in-picture; web-share\" referrerpolicy=\"strict-origin-when-cross-origin\" allowfullscreen><\/iframe>\n<\/div><figcaption class=\"wp-element-caption\">C&rsquo;est pour le moment le seul album de leur discographie qui vaut vraiment le coup. Mais vraiment. <\/figcaption><\/figure>\n\n\n\n<div class=\"wp-block-columns is-layout-flex wp-container-core-columns-is-layout-87beb0d0 wp-block-columns-is-layout-flex\">\n<div class=\"wp-block-column is-layout-flow wp-block-column-is-layout-flow\">\n<p class=\"wp-container-content-9cfa9a5a\">Inner Wave est originellement compos\u00e9 de trois membres : Pablo Sotello \u00e0 la guitare et au chant, Jean Pierre Navarez \u00e0 la basse et Elijah Trujillo \u00e0 la guitare. Mais pour l&rsquo;album que je veux vous conseiller, ils sont rejoint par Luis Portillo aux percussions et Jose Cruz au clavier. <\/p>\n\n\n\n<p>\u00c0 eux cinq, ils produisent la pop, un peu \u00e9lectro mais toujours jazzy, que j&rsquo;aime.<\/p>\n<\/div>\n\n\n\n<div class=\"wp-block-column is-layout-flow wp-block-column-is-layout-flow\">\n<p>Leurs premiers albums m&rsquo;ont un peu laiss\u00e9 de c\u00f4t\u00e9 : c&rsquo;est de la pop assez classique, qui ne marque pas. Mais avec <em>Apoptosis<\/em>, c&rsquo;est une v\u00e9ritable envol\u00e9e psych\u00e9d\u00e9lique. On a toujours l&rsquo;impression de planer et pourtant, leurs sons ne sont pas d\u00e9pourvus de rythmes effr\u00e9n\u00e9s. Un peu de reverb, d&rsquo;accords de claviers bien plac\u00e9s, et le voyage commence. Et les textes restent toujours assez sybillins pour que je ne m&rsquo;en lasse jamais.<\/p>\n<\/div>\n<\/div>\n<\/div>\n\n\n\n<div class=\"wp-block-column has-global-padding is-content-justification-left is-layout-constrained wp-container-core-column-is-layout-4f15e8fe wp-block-column-is-layout-constrained\" style=\"flex-basis:40%\">\n<p>Quelques-uns de mes titres pr\u00e9f\u00e9r\u00e9s.<\/p>\n\n\n\n<ul class=\"wp-block-list\">\n<li>Take 3<\/li>\n\n\n\n<li>Fever<\/li>\n\n\n\n<li>One in a Million<\/li>\n\n\n\n<li>Schemin<\/li>\n<\/ul>\n\n\n\n<figure class=\"wp-block-image aligncenter size-full is-resized wp-duotone-duotone-1\"><img loading=\"lazy\" decoding=\"async\" width=\"375\" height=\"666\" src=\"https:\/\/www.cinquieme-balcon.fr\/wp-content\/uploads\/2023\/11\/signal-2023-10-28-15-51-25-017-removebg-preview.png\" alt=\"\" class=\"wp-image-219\" style=\"width:308px;height:auto\" srcset=\"https:\/\/www.cinquieme-balcon.fr\/wp-content\/uploads\/2023\/11\/signal-2023-10-28-15-51-25-017-removebg-preview.png 375w, https:\/\/www.cinquieme-balcon.fr\/wp-content\/uploads\/2023\/11\/signal-2023-10-28-15-51-25-017-removebg-preview-169x300.png 169w\" sizes=\"auto, (max-width: 375px) 100vw, 375px\" \/><\/figure>\n<\/div>\n<\/div>\n<\/div>\n","protected":false},"excerpt":{"rendered":"<p>Marre d&rsquo;\u00e9couter ou de voir toujours la m\u00eame chose ? Sur cette page, vous trouverez notamment les spectacles qui jouent toujours et que je vous conseille d&rsquo;aller voir. Mais vous pourrez aussi tomber sur quelques recommandations musique ou cin\u00e9. Sans pr\u00e9tentions analytiques, purement pour le plaisir de partager. La capricieuse Cl\u00e9op\u00e2tre, le brave Oreste, et [&hellip;]<\/p>\n","protected":false},"author":4,"featured_media":0,"parent":0,"menu_order":0,"comment_status":"closed","ping_status":"closed","template":"","meta":{"footnotes":""},"class_list":["post-212","page","type-page","status-publish","hentry"],"_links":{"self":[{"href":"https:\/\/www.cinquieme-balcon.fr\/index.php\/wp-json\/wp\/v2\/pages\/212","targetHints":{"allow":["GET"]}}],"collection":[{"href":"https:\/\/www.cinquieme-balcon.fr\/index.php\/wp-json\/wp\/v2\/pages"}],"about":[{"href":"https:\/\/www.cinquieme-balcon.fr\/index.php\/wp-json\/wp\/v2\/types\/page"}],"author":[{"embeddable":true,"href":"https:\/\/www.cinquieme-balcon.fr\/index.php\/wp-json\/wp\/v2\/users\/4"}],"replies":[{"embeddable":true,"href":"https:\/\/www.cinquieme-balcon.fr\/index.php\/wp-json\/wp\/v2\/comments?post=212"}],"version-history":[{"count":16,"href":"https:\/\/www.cinquieme-balcon.fr\/index.php\/wp-json\/wp\/v2\/pages\/212\/revisions"}],"predecessor-version":[{"id":436,"href":"https:\/\/www.cinquieme-balcon.fr\/index.php\/wp-json\/wp\/v2\/pages\/212\/revisions\/436"}],"wp:attachment":[{"href":"https:\/\/www.cinquieme-balcon.fr\/index.php\/wp-json\/wp\/v2\/media?parent=212"}],"curies":[{"name":"wp","href":"https:\/\/api.w.org\/{rel}","templated":true}]}}